{"id":277131,"date":"2025-03-18T23:12:35","date_gmt":"2025-03-19T02:12:35","guid":{"rendered":"https:\/\/juicechan.net\/?page_id=277131"},"modified":"2025-03-18T23:12:35","modified_gmt":"2025-03-19T02:12:35","slug":"18-u-s-c-2257","status":"publish","type":"page","link":"https:\/\/juicechan.net\/18-u-s-c-2257\/","title":{"rendered":"18 U.S.C 2257"},"content":{"rendered":"<p>Juicechan.net n\u00e3o \u00e9 um produtor (prim\u00e1rio ou secund\u00e1rio) de qualquer ou todo o conte\u00fado encontrado no site. Com rela\u00e7\u00e3o aos registros de acordo com 18 USC 2257 para o conte\u00fado encontrado neste site, por favor, encaminhe sua solicita\u00e7\u00e3o ao site para o qual o conte\u00fado foi produzido.<\/p>\n<p>Juicechan.net \u00e9 um site de compartilhamento de fotos adultas que permite a visualiza\u00e7\u00e3o geral de v\u00e1rios tipos de conte\u00fado.<\/p>\n<p>Juicechan.net obedece aos seguintes procedimentos para garantir a conformidade:<br \/>\n\u2013 Exigimos que todos os usu\u00e1rios tenham mais de 18 anos para enviar fotos.<br \/>\n\u2013 Os usu\u00e1rios devem afirmar que t\u00eam mais de 18 anos e que mant\u00eam registros das fotos do conte\u00fado e que t\u00eam mais de 18 anos.<\/p>\n","protected":false},"excerpt":{"rendered":"<p>Juicechan.net n\u00e3o \u00e9 um produtor (prim\u00e1rio ou secund\u00e1rio) de qualquer ou todo o conte\u00fado encontrado no site. Com rela\u00e7\u00e3o aos registros de acordo com 18 USC 2257 para o conte\u00fado encontrado neste site, por favor, encaminhe sua solicita\u00e7\u00e3o ao site para o qual o conte\u00fado foi produzido. Juicechan.net \u00e9 um site de compartilhamento de fotos [&hellip;]<\/p>\n","protected":false},"author":5,"featured_media":0,"parent":0,"menu_order":0,"comment_status":"closed","ping_status":"closed","template":"","meta":{"footnotes":""},"class_list":["post-277131","page","type-page","status-publish","hentry"],"yoast_head":"<!-- This site is optimized with the Yoast SEO plugin v27.3 - https:\/\/yoast.com\/product\/yoast-seo-wordpress\/ -->\n<title>18 U.S.C 2257 - Caiu Na Net Amadoras Videos E Fotos18 U.S.C 2257 - JuiceChan Fotos Amadoras Caiu Na Net<\/title>\n<meta name=\"description\" content=\"Juicechan.net n\u00e3o \u00e9 um produtor (prim\u00e1rio ou secund\u00e1rio) de qualquer ou todo o conte\u00fado encontrado no site. Com rela\u00e7\u00e3o aos registros de acordo com 18 USC\" \/>\n<meta name=\"robots\" content=\"index, follow, max-snippet:-1, max-image-preview:large, max-video-preview:-1\" \/>\n<link rel=\"canonical\" href=\"https:\/\/juicechan.net\/18-u-s-c-2257\/\" \/>\n<meta property=\"og:locale\" content=\"pt_BR\" \/>\n<meta property=\"og:type\" content=\"article\" \/>\n<meta property=\"og:title\" content=\"18 U.S.C 2257 - Caiu na Net Amadoras Videos e Fotos18 U.S.C 2257 - JuiceChan Fotos Amadoras Caiu na Net\" \/>\n<meta property=\"og:description\" content=\"Juicechan.net n\u00e3o \u00e9 um produtor (prim\u00e1rio ou secund\u00e1rio) de qualquer ou todo o conte\u00fado encontrado no site. Com rela\u00e7\u00e3o aos registros de acordo com 18 USC\" \/>\n<meta property=\"og:url\" content=\"https:\/\/juicechan.net\/18-u-s-c-2257\/\" \/>\n<meta property=\"og:site_name\" content=\"JuiceChan\" \/>\n<meta property=\"og:image\" content=\"https:\/\/juicechan.net\/wp-content\/uploads\/2020\/03\/headerjuicechan.png\" \/>\n\t<meta property=\"og:image:width\" content=\"1024\" \/>\n\t<meta property=\"og:image:height\" content=\"334\" \/>\n\t<meta property=\"og:image:type\" content=\"image\/png\" \/>\n<meta name=\"twitter:card\" content=\"summary_large_image\" \/>\n<meta name=\"twitter:label1\" content=\"Est. tempo de leitura\" \/>\n\t<meta name=\"twitter:data1\" content=\"1 minuto\" \/>\n<script type=\"application\/ld+json\" class=\"yoast-schema-graph\">{\"@context\":\"https:\\\/\\\/schema.org\",\"@graph\":[{\"@type\":\"WebPage\",\"@id\":\"https:\\\/\\\/juicechan.net\\\/18-u-s-c-2257\\\/\",\"url\":\"https:\\\/\\\/juicechan.net\\\/18-u-s-c-2257\\\/\",\"name\":\"18 U.S.C 2257 - Caiu na Net Amadoras Videos e Fotos18 U.S.C 2257 - JuiceChan Fotos Amadoras Caiu na Net\",\"isPartOf\":{\"@id\":\"https:\\\/\\\/juicechan.net\\\/#website\"},\"datePublished\":\"2025-03-19T02:12:35+00:00\",\"description\":\"Juicechan.net n\u00e3o \u00e9 um produtor (prim\u00e1rio ou secund\u00e1rio) de qualquer ou todo o conte\u00fado encontrado no site. Com rela\u00e7\u00e3o aos registros de acordo com 18 USC\",\"breadcrumb\":{\"@id\":\"https:\\\/\\\/juicechan.net\\\/18-u-s-c-2257\\\/#breadcrumb\"},\"inLanguage\":\"pt-BR\",\"potentialAction\":[{\"@type\":\"ReadAction\",\"target\":[\"https:\\\/\\\/juicechan.net\\\/18-u-s-c-2257\\\/\"]}]},{\"@type\":\"BreadcrumbList\",\"@id\":\"https:\\\/\\\/juicechan.net\\\/18-u-s-c-2257\\\/#breadcrumb\",\"itemListElement\":[{\"@type\":\"ListItem\",\"position\":1,\"name\":\"In\u00edcio\",\"item\":\"https:\\\/\\\/juicechan.net\\\/\"},{\"@type\":\"ListItem\",\"position\":2,\"name\":\"18 U.S.C 2257\"}]},{\"@type\":\"WebSite\",\"@id\":\"https:\\\/\\\/juicechan.net\\\/#website\",\"url\":\"https:\\\/\\\/juicechan.net\\\/\",\"name\":\"JuiceChan\",\"description\":\"Os melhores v\u00eddeos porno, fotos amadoras, fotos pornos, fotos de sexo, gostosas, caiu na net, novinhas, ninfetas, Videos amadores, Whatsapp, Sexo, Morenas, Ruivas , Loiras, Gostosas amadoras.\",\"publisher\":{\"@id\":\"https:\\\/\\\/juicechan.net\\\/#organization\"},\"potentialAction\":[{\"@type\":\"SearchAction\",\"target\":{\"@type\":\"EntryPoint\",\"urlTemplate\":\"https:\\\/\\\/juicechan.net\\\/?s={search_term_string}\"},\"query-input\":{\"@type\":\"PropertyValueSpecification\",\"valueRequired\":true,\"valueName\":\"search_term_string\"}}],\"inLanguage\":\"pt-BR\"},{\"@type\":\"Organization\",\"@id\":\"https:\\\/\\\/juicechan.net\\\/#organization\",\"name\":\"JuiceChan\",\"url\":\"https:\\\/\\\/juicechan.net\\\/\",\"logo\":{\"@type\":\"ImageObject\",\"inLanguage\":\"pt-BR\",\"@id\":\"https:\\\/\\\/juicechan.net\\\/#\\\/schema\\\/logo\\\/image\\\/\",\"url\":\"https:\\\/\\\/juicechan.net\\\/wp-content\\\/uploads\\\/2020\\\/03\\\/logo-topo.png\",\"contentUrl\":\"https:\\\/\\\/juicechan.net\\\/wp-content\\\/uploads\\\/2020\\\/03\\\/logo-topo.png\",\"width\":251,\"height\":204,\"caption\":\"JuiceChan\"},\"image\":{\"@id\":\"https:\\\/\\\/juicechan.net\\\/#\\\/schema\\\/logo\\\/image\\\/\"}}]}<\/script>\n<!-- \/ Yoast SEO plugin. -->","yoast_head_json":{"title":"18 U.S.C 2257 - Caiu Na Net Amadoras Videos E Fotos18 U.S.C 2257 - JuiceChan Fotos Amadoras Caiu Na Net","description":"Juicechan.net n\u00e3o \u00e9 um produtor (prim\u00e1rio ou secund\u00e1rio) de qualquer ou todo o conte\u00fado encontrado no site. Com rela\u00e7\u00e3o aos registros de acordo com 18 USC","robots":{"index":"index","follow":"follow","max-snippet":"max-snippet:-1","max-image-preview":"max-image-preview:large","max-video-preview":"max-video-preview:-1"},"canonical":"https:\/\/juicechan.net\/18-u-s-c-2257\/","og_locale":"pt_BR","og_type":"article","og_title":"18 U.S.C 2257 - Caiu na Net Amadoras Videos e Fotos18 U.S.C 2257 - JuiceChan Fotos Amadoras Caiu na Net","og_description":"Juicechan.net n\u00e3o \u00e9 um produtor (prim\u00e1rio ou secund\u00e1rio) de qualquer ou todo o conte\u00fado encontrado no site. Com rela\u00e7\u00e3o aos registros de acordo com 18 USC","og_url":"https:\/\/juicechan.net\/18-u-s-c-2257\/","og_site_name":"JuiceChan","og_image":[{"width":1024,"height":334,"url":"https:\/\/juicechan.net\/wp-content\/uploads\/2020\/03\/headerjuicechan.png","type":"image\/png"}],"twitter_card":"summary_large_image","twitter_misc":{"Est. tempo de leitura":"1 minuto"},"schema":{"@context":"https:\/\/schema.org","@graph":[{"@type":"WebPage","@id":"https:\/\/juicechan.net\/18-u-s-c-2257\/","url":"https:\/\/juicechan.net\/18-u-s-c-2257\/","name":"18 U.S.C 2257 - Caiu na Net Amadoras Videos e Fotos18 U.S.C 2257 - JuiceChan Fotos Amadoras Caiu na Net","isPartOf":{"@id":"https:\/\/juicechan.net\/#website"},"datePublished":"2025-03-19T02:12:35+00:00","description":"Juicechan.net n\u00e3o \u00e9 um produtor (prim\u00e1rio ou secund\u00e1rio) de qualquer ou todo o conte\u00fado encontrado no site. Com rela\u00e7\u00e3o aos registros de acordo com 18 USC","breadcrumb":{"@id":"https:\/\/juicechan.net\/18-u-s-c-2257\/#breadcrumb"},"inLanguage":"pt-BR","potentialAction":[{"@type":"ReadAction","target":["https:\/\/juicechan.net\/18-u-s-c-2257\/"]}]},{"@type":"BreadcrumbList","@id":"https:\/\/juicechan.net\/18-u-s-c-2257\/#breadcrumb","itemListElement":[{"@type":"ListItem","position":1,"name":"In\u00edcio","item":"https:\/\/juicechan.net\/"},{"@type":"ListItem","position":2,"name":"18 U.S.C 2257"}]},{"@type":"WebSite","@id":"https:\/\/juicechan.net\/#website","url":"https:\/\/juicechan.net\/","name":"JuiceChan","description":"Os melhores v\u00eddeos porno, fotos amadoras, fotos pornos, fotos de sexo, gostosas, caiu na net, novinhas, ninfetas, Videos amadores, Whatsapp, Sexo, Morenas, Ruivas , Loiras, Gostosas amadoras.","publisher":{"@id":"https:\/\/juicechan.net\/#organization"},"potentialAction":[{"@type":"SearchAction","target":{"@type":"EntryPoint","urlTemplate":"https:\/\/juicechan.net\/?s={search_term_string}"},"query-input":{"@type":"PropertyValueSpecification","valueRequired":true,"valueName":"search_term_string"}}],"inLanguage":"pt-BR"},{"@type":"Organization","@id":"https:\/\/juicechan.net\/#organization","name":"JuiceChan","url":"https:\/\/juicechan.net\/","logo":{"@type":"ImageObject","inLanguage":"pt-BR","@id":"https:\/\/juicechan.net\/#\/schema\/logo\/image\/","url":"https:\/\/juicechan.net\/wp-content\/uploads\/2020\/03\/logo-topo.png","contentUrl":"https:\/\/juicechan.net\/wp-content\/uploads\/2020\/03\/logo-topo.png","width":251,"height":204,"caption":"JuiceChan"},"image":{"@id":"https:\/\/juicechan.net\/#\/schema\/logo\/image\/"}}]}},"_links":{"self":[{"href":"https:\/\/juicechan.net\/wp-json\/wp\/v2\/pages\/277131","targetHints":{"allow":["GET"]}}],"collection":[{"href":"https:\/\/juicechan.net\/wp-json\/wp\/v2\/pages"}],"about":[{"href":"https:\/\/juicechan.net\/wp-json\/wp\/v2\/types\/page"}],"author":[{"embeddable":true,"href":"https:\/\/juicechan.net\/wp-json\/wp\/v2\/users\/5"}],"replies":[{"embeddable":true,"href":"https:\/\/juicechan.net\/wp-json\/wp\/v2\/comments?post=277131"}],"version-history":[{"count":0,"href":"https:\/\/juicechan.net\/wp-json\/wp\/v2\/pages\/277131\/revisions"}],"wp:attachment":[{"href":"https:\/\/juicechan.net\/wp-json\/wp\/v2\/media?parent=277131"}],"curies":[{"name":"wp","href":"https:\/\/api.w.org\/{rel}","templated":true}]}}